{"id":89077,"date":"2022-02-25T08:44:31","date_gmt":"2022-02-25T07:44:31","guid":{"rendered":"https:\/\/brocken.bbmms.net\/speaker\/marc-pierschel\/"},"modified":"2022-02-25T08:44:33","modified_gmt":"2022-02-25T07:44:33","slug":"marc-pierschel","status":"publish","type":"speaker","link":"https:\/\/gourmetfestivals.de\/en\/speaker\/marc-pierschel\/","title":{"rendered":"Marc Pierschel"},"content":{"rendered":"","protected":false},"template":"","class_list":["post-89077","speaker","type-speaker","status-publish","hentry"],"yoast_head":"<!-- This site is optimized with the Yoast SEO plugin v27.5 - https:\/\/yoast.com\/product\/yoast-seo-wordpress\/ -->\n<title>Marc Pierschel - Gourmet Festivals<\/title>\n<meta name=\"robots\" content=\"index, follow, max-snippet:-1, max-image-preview:large, max-video-preview:-1\" \/>\n<link rel=\"canonical\" href=\"https:\/\/gourmetfestivals.de\/speaker\/marc-pierschel\/\" \/>\n<meta property=\"og:locale\" content=\"en_US\" \/>\n<meta property=\"og:type\" content=\"article\" \/>\n<meta property=\"og:title\" content=\"Marc Pierschel - Gourmet Festivals\" \/>\n<meta property=\"og:url\" content=\"https:\/\/gourmetfestivals.de\/speaker\/marc-pierschel\/\" \/>\n<meta property=\"og:site_name\" content=\"Gourmet Festivals\" \/>\n<meta property=\"article:modified_time\" content=\"2022-02-25T07:44:33+00:00\" \/>\n<meta name=\"twitter:card\" content=\"summary_large_image\" \/>\n<script type=\"application\/ld+json\" class=\"yoast-schema-graph\">{\"@context\":\"https:\\\/\\\/schema.org\",\"@graph\":[{\"@type\":\"WebPage\",\"@id\":\"https:\\\/\\\/gourmetfestivals.de\\\/speaker\\\/marc-pierschel\\\/\",\"url\":\"https:\\\/\\\/gourmetfestivals.de\\\/speaker\\\/marc-pierschel\\\/\",\"name\":\"Marc Pierschel - Gourmet Festivals\",\"isPartOf\":{\"@id\":\"https:\\\/\\\/gourmetfestivals.de\\\/#website\"},\"datePublished\":\"2022-02-25T07:44:31+00:00\",\"dateModified\":\"2022-02-25T07:44:33+00:00\",\"breadcrumb\":{\"@id\":\"https:\\\/\\\/gourmetfestivals.de\\\/speaker\\\/marc-pierschel\\\/#breadcrumb\"},\"inLanguage\":\"en-US\",\"potentialAction\":[{\"@type\":\"ReadAction\",\"target\":[\"https:\\\/\\\/gourmetfestivals.de\\\/speaker\\\/marc-pierschel\\\/\"]}]},{\"@type\":\"BreadcrumbList\",\"@id\":\"https:\\\/\\\/gourmetfestivals.de\\\/speaker\\\/marc-pierschel\\\/#breadcrumb\",\"itemListElement\":[{\"@type\":\"ListItem\",\"position\":1,\"name\":\"Startseite\",\"item\":\"https:\\\/\\\/gourmetfestivals.de\\\/en\\\/\"},{\"@type\":\"ListItem\",\"position\":2,\"name\":\"Marc Pierschel\"}]},{\"@type\":\"WebSite\",\"@id\":\"https:\\\/\\\/gourmetfestivals.de\\\/#website\",\"url\":\"https:\\\/\\\/gourmetfestivals.de\\\/\",\"name\":\"Gourmet Festivals\",\"description\":\"Genie\u00dfen mit Freunden\",\"publisher\":{\"@id\":\"https:\\\/\\\/gourmetfestivals.de\\\/#organization\"},\"potentialAction\":[{\"@type\":\"SearchAction\",\"target\":{\"@type\":\"EntryPoint\",\"urlTemplate\":\"https:\\\/\\\/gourmetfestivals.de\\\/?s={search_term_string}\"},\"query-input\":{\"@type\":\"PropertyValueSpecification\",\"valueRequired\":true,\"valueName\":\"search_term_string\"}}],\"inLanguage\":\"en-US\"},{\"@type\":\"Organization\",\"@id\":\"https:\\\/\\\/gourmetfestivals.de\\\/#organization\",\"name\":\"Gourmet Festivals\",\"url\":\"https:\\\/\\\/gourmetfestivals.de\\\/\",\"logo\":{\"@type\":\"ImageObject\",\"inLanguage\":\"en-US\",\"@id\":\"https:\\\/\\\/gourmetfestivals.de\\\/#\\\/schema\\\/logo\\\/image\\\/\",\"url\":\"https:\\\/\\\/gourmetfestivals.de\\\/wp-content\\\/uploads\\\/2022\\\/04\\\/GF_Logos_quer.jpg\",\"contentUrl\":\"https:\\\/\\\/gourmetfestivals.de\\\/wp-content\\\/uploads\\\/2022\\\/04\\\/GF_Logos_quer.jpg\",\"width\":2560,\"height\":448,\"caption\":\"Gourmet Festivals\"},\"image\":{\"@id\":\"https:\\\/\\\/gourmetfestivals.de\\\/#\\\/schema\\\/logo\\\/image\\\/\"}}]}<\/script>\n<!-- \/ Yoast SEO plugin. -->","yoast_head_json":{"title":"Marc Pierschel - Gourmet Festivals","robots":{"index":"index","follow":"follow","max-snippet":"max-snippet:-1","max-image-preview":"max-image-preview:large","max-video-preview":"max-video-preview:-1"},"canonical":"https:\/\/gourmetfestivals.de\/speaker\/marc-pierschel\/","og_locale":"en_US","og_type":"article","og_title":"Marc Pierschel - Gourmet Festivals","og_url":"https:\/\/gourmetfestivals.de\/speaker\/marc-pierschel\/","og_site_name":"Gourmet Festivals","article_modified_time":"2022-02-25T07:44:33+00:00","twitter_card":"summary_large_image","schema":{"@context":"https:\/\/schema.org","@graph":[{"@type":"WebPage","@id":"https:\/\/gourmetfestivals.de\/speaker\/marc-pierschel\/","url":"https:\/\/gourmetfestivals.de\/speaker\/marc-pierschel\/","name":"Marc Pierschel - Gourmet Festivals","isPartOf":{"@id":"https:\/\/gourmetfestivals.de\/#website"},"datePublished":"2022-02-25T07:44:31+00:00","dateModified":"2022-02-25T07:44:33+00:00","breadcrumb":{"@id":"https:\/\/gourmetfestivals.de\/speaker\/marc-pierschel\/#breadcrumb"},"inLanguage":"en-US","potentialAction":[{"@type":"ReadAction","target":["https:\/\/gourmetfestivals.de\/speaker\/marc-pierschel\/"]}]},{"@type":"BreadcrumbList","@id":"https:\/\/gourmetfestivals.de\/speaker\/marc-pierschel\/#breadcrumb","itemListElement":[{"@type":"ListItem","position":1,"name":"Startseite","item":"https:\/\/gourmetfestivals.de\/en\/"},{"@type":"ListItem","position":2,"name":"Marc Pierschel"}]},{"@type":"WebSite","@id":"https:\/\/gourmetfestivals.de\/#website","url":"https:\/\/gourmetfestivals.de\/","name":"Gourmet Festivals","description":"Genie\u00dfen mit Freunden","publisher":{"@id":"https:\/\/gourmetfestivals.de\/#organization"},"potentialAction":[{"@type":"SearchAction","target":{"@type":"EntryPoint","urlTemplate":"https:\/\/gourmetfestivals.de\/?s={search_term_string}"},"query-input":{"@type":"PropertyValueSpecification","valueRequired":true,"valueName":"search_term_string"}}],"inLanguage":"en-US"},{"@type":"Organization","@id":"https:\/\/gourmetfestivals.de\/#organization","name":"Gourmet Festivals","url":"https:\/\/gourmetfestivals.de\/","logo":{"@type":"ImageObject","inLanguage":"en-US","@id":"https:\/\/gourmetfestivals.de\/#\/schema\/logo\/image\/","url":"https:\/\/gourmetfestivals.de\/wp-content\/uploads\/2022\/04\/GF_Logos_quer.jpg","contentUrl":"https:\/\/gourmetfestivals.de\/wp-content\/uploads\/2022\/04\/GF_Logos_quer.jpg","width":2560,"height":448,"caption":"Gourmet Festivals"},"image":{"@id":"https:\/\/gourmetfestivals.de\/#\/schema\/logo\/image\/"}}]}},"speaker_id":"267","speaker_name":"Marc Pierschel","salutation":"","speaker_title":"","company":"","first_name":"Marc","last_name":"Pierschel","exhibitor":false,"job_title":"","vita":"Marc Pierschel ist Filmemacher und Autor aus M\u00fcnster. 2001 gr\u00fcndete er das Kollektiv roots of compassion. 2009 erschien sein veganes Kochbuch 'Vegan lecker lecker' und ein Jahr sp\u00e4ter mit 'Vegan!' eine Einf\u00fchrung in die vegane Lebensweise. 2013 folgte mit Live And Let Live sein zweiter Dokumentarfilm \u00fcber unser Verh\u00e4ltnis zu Tieren, die Geschichte des Veganismus und die ethischen, \u00f6kologischen und gesundheitlichen Hintergr\u00fcnde, die Menschen dazu bewegen, vegan zu leben.","profile_photo":{"ID":"89078","post_author":"1","post_date":"2022-02-25 08:44:32","post_date_gmt":"2022-02-25 07:44:32","post_content":"","post_title":"logo-89077","post_excerpt":"","post_status":"inherit","comment_status":"closed","ping_status":"closed","post_password":"","post_name":"logo-89077","to_ping":"","pinged":"","post_modified":"2022-02-25 08:44:33","post_modified_gmt":"2022-02-25 07:44:33","post_content_filtered":"","post_parent":"89077","guid":"https:\/\/brocken.bbmms.net\/wp-content\/uploads\/2022\/02\/logo-89077.jpg","menu_order":"0","post_type":"attachment","post_mime_type":"image\/jpeg","comment_count":"0","pod_item_id":"89078"},"profile_photo_credit":"","speaker_address":"","city":"M\u00fcnster","country":"DE","telephone":"","mobile":"","email":"","website":"http:\/\/www.theendofmeat.com","website_2":"","xing":"","linkedin":"","lectures":false,"wpml_current_locale":"de_DE","wpml_translations":[],"_links":{"self":[{"href":"https:\/\/gourmetfestivals.de\/en\/wp-json\/wp\/v2\/speaker\/89077","targetHints":{"allow":["GET"]}}],"collection":[{"href":"https:\/\/gourmetfestivals.de\/en\/wp-json\/wp\/v2\/speaker"}],"about":[{"href":"https:\/\/gourmetfestivals.de\/en\/wp-json\/wp\/v2\/types\/speaker"}],"wp:attachment":[{"href":"https:\/\/gourmetfestivals.de\/en\/wp-json\/wp\/v2\/media?parent=89077"}],"curies":[{"name":"wp","href":"https:\/\/api.w.org\/{rel}","templated":true}]}}

<!-- This site is optimized with the Yoast SEO plugin v27.5 - https://yoast.com/product/yoast-seo-wordpress/ -->
<title>Marc Pierschel - Gourmet Festivals</title>
<meta name="robots" content="index, follow, max-snippet:-1, max-image-preview:large, max-video-preview:-1" />
<link rel="canonical" href="https://gourmetfestivals.de/speaker/marc-pierschel/" />
<meta property="og:locale" content="en_US" />
<meta property="og:type" content="article" />
<meta property="og:title" content="Marc Pierschel - Gourmet Festivals" />
<meta property="og:url" content="https://gourmetfestivals.de/speaker/marc-pierschel/" />
<meta property="og:site_name" content="Gourmet Festivals" />
<meta property="article:modified_time" content="2022-02-25T07:44:33+00:00" />
<meta name="twitter:card" content="summary_large_image" />
<script type="application/ld+json" class="yoast-schema-graph">{"@context":"https:\/\/schema.org","@graph":[{"@type":"WebPage","@id":"https:\/\/gourmetfestivals.de\/speaker\/marc-pierschel\/","url":"https:\/\/gourmetfestivals.de\/speaker\/marc-pierschel\/","name":"Marc Pierschel - Gourmet Festivals","isPartOf":{"@id":"https:\/\/gourmetfestivals.de\/#website"},"datePublished":"2022-02-25T07:44:31+00:00","dateModified":"2022-02-25T07:44:33+00:00","breadcrumb":{"@id":"https:\/\/gourmetfestivals.de\/speaker\/marc-pierschel\/#breadcrumb"},"inLanguage":"en-US","potentialAction":[{"@type":"ReadAction","target":["https:\/\/gourmetfestivals.de\/speaker\/marc-pierschel\/"]}]},{"@type":"BreadcrumbList","@id":"https:\/\/gourmetfestivals.de\/speaker\/marc-pierschel\/#breadcrumb","itemListElement":[{"@type":"ListItem","position":1,"name":"Startseite","item":"https:\/\/gourmetfestivals.de\/en\/"},{"@type":"ListItem","position":2,"name":"Marc Pierschel"}]},{"@type":"WebSite","@id":"https:\/\/gourmetfestivals.de\/#website","url":"https:\/\/gourmetfestivals.de\/","name":"Gourmet Festivals","description":"Genießen mit Freunden","publisher":{"@id":"https:\/\/gourmetfestivals.de\/#organization"},"potentialAction":[{"@type":"SearchAction","target":{"@type":"EntryPoint","urlTemplate":"https:\/\/gourmetfestivals.de\/?s={search_term_string}"},"query-input":{"@type":"PropertyValueSpecification","valueRequired":true,"valueName":"search_term_string"}}],"inLanguage":"en-US"},{"@type":"Organization","@id":"https:\/\/gourmetfestivals.de\/#organization","name":"Gourmet Festivals","url":"https:\/\/gourmetfestivals.de\/","logo":{"@type":"ImageObject","inLanguage":"en-US","@id":"https:\/\/gourmetfestivals.de\/#\/schema\/logo\/image\/","url":"https:\/\/gourmetfestivals.de\/wp-content\/uploads\/2022\/04\/GF_Logos_quer.jpg","contentUrl":"https:\/\/gourmetfestivals.de\/wp-content\/uploads\/2022\/04\/GF_Logos_quer.jpg","width":2560,"height":448,"caption":"Gourmet Festivals"},"image":{"@id":"https:\/\/gourmetfestivals.de\/#\/schema\/logo\/image\/"}}]}</script>
<!-- / Yoast SEO plugin. -->

Genießen mit Freunden

Marc Pierschel ist Filmemacher und Autor aus Münster. 2001 gründete er das Kollektiv roots of compassion. 2009 erschien sein veganes Kochbuch 'Vegan lecker lecker' und ein Jahr später mit 'Vegan!' eine Einführung in die vegane Lebensweise. 2013 folgte mit Live And Let Live sein zweiter Dokumentarfilm über unser Verhältnis zu Tieren, die Geschichte des Veganismus und die ethischen, ökologischen und gesundheitlichen Hintergründe, die Menschen dazu bewegen, vegan zu leben.

Münster
