{"id":90789,"date":"2022-02-25T09:13:35","date_gmt":"2022-02-25T08:13:35","guid":{"rendered":"https:\/\/brocken.bbmms.net\/speaker\/maxime-boniface\/"},"modified":"2022-02-25T09:13:37","modified_gmt":"2022-02-25T08:13:37","slug":"maxime-boniface","status":"publish","type":"speaker","link":"https:\/\/gourmetfestivals.de\/en\/speaker\/maxime-boniface\/","title":{"rendered":"Maxime Boniface"},"content":{"rendered":"","protected":false},"template":"","class_list":["post-90789","speaker","type-speaker","status-publish","hentry"],"yoast_head":"<!-- This site is optimized with the Yoast SEO plugin v27.5 - https:\/\/yoast.com\/product\/yoast-seo-wordpress\/ -->\n<title>Maxime Boniface - Gourmet Festivals<\/title>\n<meta name=\"robots\" content=\"index, follow, max-snippet:-1, max-image-preview:large, max-video-preview:-1\" \/>\n<link rel=\"canonical\" href=\"https:\/\/gourmetfestivals.de\/speaker\/maxime-boniface\/\" \/>\n<meta property=\"og:locale\" content=\"en_US\" \/>\n<meta property=\"og:type\" content=\"article\" \/>\n<meta property=\"og:title\" content=\"Maxime Boniface - Gourmet Festivals\" \/>\n<meta property=\"og:url\" content=\"https:\/\/gourmetfestivals.de\/speaker\/maxime-boniface\/\" \/>\n<meta property=\"og:site_name\" content=\"Gourmet Festivals\" \/>\n<meta property=\"article:modified_time\" content=\"2022-02-25T08:13:37+00:00\" \/>\n<meta name=\"twitter:card\" content=\"summary_large_image\" \/>\n<script type=\"application\/ld+json\" class=\"yoast-schema-graph\">{\"@context\":\"https:\\\/\\\/schema.org\",\"@graph\":[{\"@type\":\"WebPage\",\"@id\":\"https:\\\/\\\/gourmetfestivals.de\\\/speaker\\\/maxime-boniface\\\/\",\"url\":\"https:\\\/\\\/gourmetfestivals.de\\\/speaker\\\/maxime-boniface\\\/\",\"name\":\"Maxime Boniface - Gourmet Festivals\",\"isPartOf\":{\"@id\":\"https:\\\/\\\/gourmetfestivals.de\\\/#website\"},\"datePublished\":\"2022-02-25T08:13:35+00:00\",\"dateModified\":\"2022-02-25T08:13:37+00:00\",\"breadcrumb\":{\"@id\":\"https:\\\/\\\/gourmetfestivals.de\\\/speaker\\\/maxime-boniface\\\/#breadcrumb\"},\"inLanguage\":\"en-US\",\"potentialAction\":[{\"@type\":\"ReadAction\",\"target\":[\"https:\\\/\\\/gourmetfestivals.de\\\/speaker\\\/maxime-boniface\\\/\"]}]},{\"@type\":\"BreadcrumbList\",\"@id\":\"https:\\\/\\\/gourmetfestivals.de\\\/speaker\\\/maxime-boniface\\\/#breadcrumb\",\"itemListElement\":[{\"@type\":\"ListItem\",\"position\":1,\"name\":\"Startseite\",\"item\":\"https:\\\/\\\/gourmetfestivals.de\\\/en\\\/\"},{\"@type\":\"ListItem\",\"position\":2,\"name\":\"Maxime Boniface\"}]},{\"@type\":\"WebSite\",\"@id\":\"https:\\\/\\\/gourmetfestivals.de\\\/#website\",\"url\":\"https:\\\/\\\/gourmetfestivals.de\\\/\",\"name\":\"Gourmet Festivals\",\"description\":\"Genie\u00dfen mit Freunden\",\"publisher\":{\"@id\":\"https:\\\/\\\/gourmetfestivals.de\\\/#organization\"},\"potentialAction\":[{\"@type\":\"SearchAction\",\"target\":{\"@type\":\"EntryPoint\",\"urlTemplate\":\"https:\\\/\\\/gourmetfestivals.de\\\/?s={search_term_string}\"},\"query-input\":{\"@type\":\"PropertyValueSpecification\",\"valueRequired\":true,\"valueName\":\"search_term_string\"}}],\"inLanguage\":\"en-US\"},{\"@type\":\"Organization\",\"@id\":\"https:\\\/\\\/gourmetfestivals.de\\\/#organization\",\"name\":\"Gourmet Festivals\",\"url\":\"https:\\\/\\\/gourmetfestivals.de\\\/\",\"logo\":{\"@type\":\"ImageObject\",\"inLanguage\":\"en-US\",\"@id\":\"https:\\\/\\\/gourmetfestivals.de\\\/#\\\/schema\\\/logo\\\/image\\\/\",\"url\":\"https:\\\/\\\/gourmetfestivals.de\\\/wp-content\\\/uploads\\\/2022\\\/04\\\/GF_Logos_quer.jpg\",\"contentUrl\":\"https:\\\/\\\/gourmetfestivals.de\\\/wp-content\\\/uploads\\\/2022\\\/04\\\/GF_Logos_quer.jpg\",\"width\":2560,\"height\":448,\"caption\":\"Gourmet Festivals\"},\"image\":{\"@id\":\"https:\\\/\\\/gourmetfestivals.de\\\/#\\\/schema\\\/logo\\\/image\\\/\"}}]}<\/script>\n<!-- \/ Yoast SEO plugin. -->","yoast_head_json":{"title":"Maxime Boniface - Gourmet Festivals","robots":{"index":"index","follow":"follow","max-snippet":"max-snippet:-1","max-image-preview":"max-image-preview:large","max-video-preview":"max-video-preview:-1"},"canonical":"https:\/\/gourmetfestivals.de\/speaker\/maxime-boniface\/","og_locale":"en_US","og_type":"article","og_title":"Maxime Boniface - Gourmet Festivals","og_url":"https:\/\/gourmetfestivals.de\/speaker\/maxime-boniface\/","og_site_name":"Gourmet Festivals","article_modified_time":"2022-02-25T08:13:37+00:00","twitter_card":"summary_large_image","schema":{"@context":"https:\/\/schema.org","@graph":[{"@type":"WebPage","@id":"https:\/\/gourmetfestivals.de\/speaker\/maxime-boniface\/","url":"https:\/\/gourmetfestivals.de\/speaker\/maxime-boniface\/","name":"Maxime Boniface - Gourmet Festivals","isPartOf":{"@id":"https:\/\/gourmetfestivals.de\/#website"},"datePublished":"2022-02-25T08:13:35+00:00","dateModified":"2022-02-25T08:13:37+00:00","breadcrumb":{"@id":"https:\/\/gourmetfestivals.de\/speaker\/maxime-boniface\/#breadcrumb"},"inLanguage":"en-US","potentialAction":[{"@type":"ReadAction","target":["https:\/\/gourmetfestivals.de\/speaker\/maxime-boniface\/"]}]},{"@type":"BreadcrumbList","@id":"https:\/\/gourmetfestivals.de\/speaker\/maxime-boniface\/#breadcrumb","itemListElement":[{"@type":"ListItem","position":1,"name":"Startseite","item":"https:\/\/gourmetfestivals.de\/en\/"},{"@type":"ListItem","position":2,"name":"Maxime Boniface"}]},{"@type":"WebSite","@id":"https:\/\/gourmetfestivals.de\/#website","url":"https:\/\/gourmetfestivals.de\/","name":"Gourmet Festivals","description":"Genie\u00dfen mit Freunden","publisher":{"@id":"https:\/\/gourmetfestivals.de\/#organization"},"potentialAction":[{"@type":"SearchAction","target":{"@type":"EntryPoint","urlTemplate":"https:\/\/gourmetfestivals.de\/?s={search_term_string}"},"query-input":{"@type":"PropertyValueSpecification","valueRequired":true,"valueName":"search_term_string"}}],"inLanguage":"en-US"},{"@type":"Organization","@id":"https:\/\/gourmetfestivals.de\/#organization","name":"Gourmet Festivals","url":"https:\/\/gourmetfestivals.de\/","logo":{"@type":"ImageObject","inLanguage":"en-US","@id":"https:\/\/gourmetfestivals.de\/#\/schema\/logo\/image\/","url":"https:\/\/gourmetfestivals.de\/wp-content\/uploads\/2022\/04\/GF_Logos_quer.jpg","contentUrl":"https:\/\/gourmetfestivals.de\/wp-content\/uploads\/2022\/04\/GF_Logos_quer.jpg","width":2560,"height":448,"caption":"Gourmet Festivals"},"image":{"@id":"https:\/\/gourmetfestivals.de\/#\/schema\/logo\/image\/"}}]}},"speaker_id":"926","speaker_name":"Maxime Boniface","salutation":"","speaker_title":"","company":"","first_name":"Maxime","last_name":"Boniface","exhibitor":false,"job_title":"","vita":"<p>Maxime Boniface, cineasta de formaci\u00f3n y cocinero autodidacta, como buen franc\u00e9s creci\u00f3 rodeado de la tradici\u00f3n de los buenos quesos, siendo este producto uno de los que m\u00e1s ha echado de menos al hacer la transici\u00f3n a una alimentaci\u00f3n 100 % basada en plantas, hace ya 7 a\u00f1os. Tuvo la suerte de ser guiado en sus comienzos por M\u00e1ximo Cabrera y al poco tiempo fundar V\u00e4cka, una marca de contenidos gastron\u00f3micos y f\u00e1brica de quesos veganos. Esa necesidad de volver a los sabores de la infancia le motiv\u00f3 a investigar nuevas t\u00e9cnicas culinarias y a experimentar cambiando los sustratos de origen animal por otros basados en semillas, frutos secos, cereales o legumbres. En este tiempo se dio cuenta de que no es la materia prima lo que importa, sino el proceso.<\/p>","profile_photo":{"ID":"90790","post_author":"1","post_date":"2022-02-25 09:13:37","post_date_gmt":"2022-02-25 08:13:37","post_content":"","post_title":"logo-90789","post_excerpt":"","post_status":"inherit","comment_status":"closed","ping_status":"closed","post_password":"","post_name":"logo-90789","to_ping":"","pinged":"","post_modified":"2022-02-25 09:13:38","post_modified_gmt":"2022-02-25 08:13:38","post_content_filtered":"","post_parent":"90789","guid":"https:\/\/brocken.bbmms.net\/wp-content\/uploads\/2022\/02\/logo-90789.jpg","menu_order":"0","post_type":"attachment","post_mime_type":"image\/jpeg","comment_count":"0","pod_item_id":"90790"},"profile_photo_credit":"","speaker_address":"","city":"","country":"ES","telephone":"","mobile":"","email":"","website":"","website_2":"","xing":"","linkedin":"","lectures":false,"wpml_current_locale":"de_DE","wpml_translations":[],"_links":{"self":[{"href":"https:\/\/gourmetfestivals.de\/en\/wp-json\/wp\/v2\/speaker\/90789","targetHints":{"allow":["GET"]}}],"collection":[{"href":"https:\/\/gourmetfestivals.de\/en\/wp-json\/wp\/v2\/speaker"}],"about":[{"href":"https:\/\/gourmetfestivals.de\/en\/wp-json\/wp\/v2\/types\/speaker"}],"wp:attachment":[{"href":"https:\/\/gourmetfestivals.de\/en\/wp-json\/wp\/v2\/media?parent=90789"}],"curies":[{"name":"wp","href":"https:\/\/api.w.org\/{rel}","templated":true}]}}

<!-- This site is optimized with the Yoast SEO plugin v27.5 - https://yoast.com/product/yoast-seo-wordpress/ -->
<title>Maxime Boniface - Gourmet Festivals</title>
<meta name="robots" content="index, follow, max-snippet:-1, max-image-preview:large, max-video-preview:-1" />
<link rel="canonical" href="https://gourmetfestivals.de/speaker/maxime-boniface/" />
<meta property="og:locale" content="en_US" />
<meta property="og:type" content="article" />
<meta property="og:title" content="Maxime Boniface - Gourmet Festivals" />
<meta property="og:url" content="https://gourmetfestivals.de/speaker/maxime-boniface/" />
<meta property="og:site_name" content="Gourmet Festivals" />
<meta property="article:modified_time" content="2022-02-25T08:13:37+00:00" />
<meta name="twitter:card" content="summary_large_image" />
<script type="application/ld+json" class="yoast-schema-graph">{"@context":"https:\/\/schema.org","@graph":[{"@type":"WebPage","@id":"https:\/\/gourmetfestivals.de\/speaker\/maxime-boniface\/","url":"https:\/\/gourmetfestivals.de\/speaker\/maxime-boniface\/","name":"Maxime Boniface - Gourmet Festivals","isPartOf":{"@id":"https:\/\/gourmetfestivals.de\/#website"},"datePublished":"2022-02-25T08:13:35+00:00","dateModified":"2022-02-25T08:13:37+00:00","breadcrumb":{"@id":"https:\/\/gourmetfestivals.de\/speaker\/maxime-boniface\/#breadcrumb"},"inLanguage":"en-US","potentialAction":[{"@type":"ReadAction","target":["https:\/\/gourmetfestivals.de\/speaker\/maxime-boniface\/"]}]},{"@type":"BreadcrumbList","@id":"https:\/\/gourmetfestivals.de\/speaker\/maxime-boniface\/#breadcrumb","itemListElement":[{"@type":"ListItem","position":1,"name":"Startseite","item":"https:\/\/gourmetfestivals.de\/en\/"},{"@type":"ListItem","position":2,"name":"Maxime Boniface"}]},{"@type":"WebSite","@id":"https:\/\/gourmetfestivals.de\/#website","url":"https:\/\/gourmetfestivals.de\/","name":"Gourmet Festivals","description":"Genießen mit Freunden","publisher":{"@id":"https:\/\/gourmetfestivals.de\/#organization"},"potentialAction":[{"@type":"SearchAction","target":{"@type":"EntryPoint","urlTemplate":"https:\/\/gourmetfestivals.de\/?s={search_term_string}"},"query-input":{"@type":"PropertyValueSpecification","valueRequired":true,"valueName":"search_term_string"}}],"inLanguage":"en-US"},{"@type":"Organization","@id":"https:\/\/gourmetfestivals.de\/#organization","name":"Gourmet Festivals","url":"https:\/\/gourmetfestivals.de\/","logo":{"@type":"ImageObject","inLanguage":"en-US","@id":"https:\/\/gourmetfestivals.de\/#\/schema\/logo\/image\/","url":"https:\/\/gourmetfestivals.de\/wp-content\/uploads\/2022\/04\/GF_Logos_quer.jpg","contentUrl":"https:\/\/gourmetfestivals.de\/wp-content\/uploads\/2022\/04\/GF_Logos_quer.jpg","width":2560,"height":448,"caption":"Gourmet Festivals"},"image":{"@id":"https:\/\/gourmetfestivals.de\/#\/schema\/logo\/image\/"}}]}</script>
<!-- / Yoast SEO plugin. -->

Genießen mit Freunden

<p>Maxime Boniface, cineasta de formación y cocinero autodidacta, como buen francés creció rodeado de la tradición de los buenos quesos, siendo este producto uno de los que más ha echado de menos al hacer la transición a una alimentación 100 % basada en plantas, hace ya 7 años. Tuvo la suerte de ser guiado en sus comienzos por Máximo Cabrera y al poco tiempo fundar Väcka, una marca de contenidos gastronómicos y fábrica de quesos veganos. Esa necesidad de volver a los sabores de la infancia le motivó a investigar nuevas técnicas culinarias y a experimentar cambiando los sustratos de origen animal por otros basados en semillas, frutos secos, cereales o legumbres. En este tiempo se dio cuenta de que no es la materia prima lo que importa, sino el proceso.</p>
